be j(-5). Suppose -3*t = 3*w - 327, -w + q = 3*t + w. Is t composite?
False
Suppose 0*a = -4*a + 52. Is a a composite number?
False
Let l(o) = o**3 + 4*o**2 + 4*o + 3. Let b be l(-3). Let r be (1*(0 - b))/(-2). Suppose 4*u + r*u = 44. Is u prime?
True
Suppose -181 = 5*n - 3*d, -n - d = 2*n + 117. Let h = n - -71. Is h prime?
False
Suppose 55*f + 9005 = 60*f. Is f composite?
False
Suppose -3*k = -277 - 482. Is k prime?
False
Let j(i) = -i - 9. Let r be j(-6). Let h = r + 70. Is h a composite number?
False
Let p(z) = -3102*z + 7. Is p(-1) a prime number?
True
Is ((-4572)/(-54))/(4/6) prime?
True
Suppose -120 = w - 5*w. Let d be (10/(-4))/((-3)/w). Suppose b = -0*b + 5*x + d, -3*x = -4*b + 134. Is b prime?
False
Suppose -t + 188 = 3*t. Suppose -q = q + 28. Let y = q + t. Is y composite?
True
Suppose 14 = c - 4*k, c + 0*k + 10 = -2*k. Is -3 - 4*13/c composite?
False
Suppose 6 = 5*y - 4. Suppose 5*q + 84 = y*u, -2*u + q + 8 = -68. Is u prime?
True
Let a(w) be the first derivative of -w**3 + 3*w**2 + 2*w + 2. Let l(r) = -8*r**2 + 19*r + 5. Let c(u) = 11*a(u) - 4*l(u). Is c(-7) composite?
False
Suppose -2*a + 4*m + 4659 = 563, -20 = 4*m. Suppose -3*s = -713 - a. Is s a prime number?
False
Suppose -6 = 2*n, 3 + 9 = -2*b - 4*n. Suppose f - 3*f + 2338 = b. Is f prime?
False
Let y = 67 - 40. Let j = -10 + y. Suppose 5*r + 128 + j = 5*q, -5*q - 2*r = -173. Is q prime?
False
Let f(x) = 21*x**3 + 5*x**2 - x - 2. Is f(5) a composite number?
True
Let r be (-63)/36 - (-2)/(-8). Is ((-20)/8 - r)*-178 a composite number?
False
Suppose -2*h - 3*r = -487, 31 = h + 3*r - 211. Suppose 6*n + h = n. Let q = 120 + n. Is q a composite number?
False
Let i(k) = k**2 - k - 1. Let z be -1*1*(5 + -2). Let a be i(z). Is (-4)/22 - (-915)/a a prime number?
True
Suppose 0 = 2*u + u. Suppose 44 = p + s + 15, p - 4*s - 39 = u. Is p a composite number?
False
Let s(r) = -2*r**3 + 2*r**2 + r. Let z be s(-1). Is z/(-15) + (-106)/(-5) prime?
False
Suppose -4*o = -0*p + p - 173, o - 39 = 4*p. Is o a composite number?
False
Suppose 0 = -12*n + 2953 + 6467. Is n prime?
False
Is 1*(-4)/12*-6999 prime?
True
Is (-2238)/(-8)*16/12 a prime number?
True
Suppose -5*t = -1267 - 3168. Is t a composite number?
False
Let d(q) = -q**2 + 7. Let z be d(0). Is (z - 6)/((-2)/(-1174)) a composite number?
False
Suppose 2*s - 27 = 19. Let q(c) = -c**2 + 6*c - 4. Let v be q(5). Let r = s - v. Is r composite?
True
Let p = -5 + 8. Suppose 2*o - r = p - 0, -3*o - 4*r = -21. Is 26 + o - (1 + -3) prime?
True
Let k(f) = -20*f - 3 + 0 - 6. Is k(-4) composite?
False
Let m = -17 + 11. Let q(u) = u**2 + 7*u + 9. Let o be q(m). Is (o + 1)*(-67)/(-4) prime?
True
Is ((-844)/8)/(2/(-4)) a composite number?
False
Let a(n) = -306*n - 13. Is a(-5) prime?
False
Let u be 2/(-3)*-3*17. Let v be (-6 - -2)*u/8. Let b = v - -84. Is b a composite number?
False
Let n(h) be the second derivative of -h**5/20 - h**4/2 - h**2/2 + 5*h. Is n(-8) composite?
False
Let s be ((-38)/(-4))/(1/2). Let m = s + -10. Is m composite?
True
Let d(j) = j**3 + 2*j**2 - 4*j - 5. Let y(o) = o - 1. Let v be y(7). Is d(v) composite?
True
Suppose 0 = -z + 31 + 22. Is z a prime number?
True
Let f(a) = a - 1 + 17*a**2 + 1 - 3 + 2. Is f(-3) prime?
True
Is (-1)/(1499/(-749) + 2) a prime number?
False
Let s = -11 - -7. Let o be (-6)/8 - (-61)/s. Let c = o - -51. Is c prime?
False
Let n(v) = -v**3 - 17*v**2 - 11*v - 42. Is n(-19) a composite number?
True
Let i(h) = -h**2 + h + 469. Let o = 4 - 4. Is i(o) a prime number?
False
Let a = -152 - -87. Let p = -16 + -15. Let w = p - a. Is w a prime number?
False
Let l(t) = 5*t**3 - 4*t + 3. Let c = 22 + -14. Suppose 0 = -0*x + x - 4*j + 2, -5*x + 2*j = -c. Is l(x) prime?
False
Let h be (-6)/(-5)*(-20)/(-8). Suppose 0*f - 15 = -h*f. Let i(a) = a + 2. Is i(f) a prime number?
True
Let q(j) = -84*j**3 - 2*j**2 + 2*j + 3. Is q(-1) prime?
True
Let h be ((-3)/6*0)/(-1). Suppose 40 = 5*r - h*r. Suppose 3*b - r = b. Is b prime?
False
Let x be (26/6)/((-2)/(-6)). Suppose -5*m = g + 17, 0 = 4*g - g - m - x. Is g prime?
True
Suppose 4*p - 51 = 897. Is p a prime number?
False
Let m be (-2)/10 - (-164)/(-5). Let o(t) = -12*t + 4. Let v be o(-5). Let x = v + m. Is x a composite number?
False
Let s = -323 - -745. Is s a prime number?
False
Suppose 2*l - 1390 = 5*h, 368 + 986 = 2*l + 4*h. Is l a composite number?
True
Suppose -4*y = -4*n - 16, 4*y - 3*y = 4*n + 10. Suppose -53 = -5*m + y. Is m a composite number?
False
Let w(o) = 42*o**2 + 16*o + 5. Is w(-4) prime?
True
Let i(v) = -v**2 - 4*v - 1. Let p be i(-2). Let h = -130 - -218. Suppose 5*t + 82 = 3*n, p*t + h + 22 = 5*n. Is n composite?
False
Let c be (-8)/(-3) - 2/(-6). Suppose -2*w + 275 = c*w. Is w composite?
True
Let f(y) = y**3 - 3*y**2 + y + 3. Let u be f(3). Let g be u/4*(-64)/(-6). Let r = 63 - g. Is r a composite number?
False
Let h(z) = 31*z**3 - 4*z. Let t be h(2). Let m = 2 - 0. Suppose -3*p + t = -m*c - c, 219 = 3*p + 4*c. Is p a composite number?
True
Let x = 0 - 1. Is -211*(2 + -1)/x a prime number?
True
Suppose -15 = -y - 2*j - j, 0 = 4*y - 3*j. Suppose -2*r - 2*z - 47 + 151 = 0, -y*r - 4*z + 158 = 0. Let a = r + -29. Is a a prime number?
False
Let y be 25/35 + 4/14. Let s = 3 - y. Is -2*((-77)/s - 0) a composite number?
True
Let o = -6 - -12. Let p(w) = w**2 + w + 1. Let x(z) = -3*z**2 + z - 11. Let y(m) = 6*p(m) + x(m). Is y(o) a prime number?
False
Let a(m) = -3*m + 10. Let q be a(7). Let x(d) = -2*d**2 + d + 1. Let n(l) = 10*l**2 - 5*l - 6. Let o(r) = q*x(r) - 2*n(r). Is o(-6) prime?
True
Let z(o) = -o**2 + 8*o + 5. Let h(k) = -2*k - 1. Let n(u) = u + 2. Let c be n(-4). Let i(t) = c*z(t) - 9*h(t). Is i(3) a composite number?
False
Let v(u) be the second derivative of 19*u**4/6 - u**2 + u. Let f(i) = i**2 - i - 1. Let b(r) = -f(r) + v(r). Is b(1) composite?
False
Let m = -24 + 46. Suppose m = 4*j - 3*j. Is j composite?
True
Let t(n) = n**2 + n + 9. Let r(a) = a**2 - 5*a + 4. Let y(c) = c + 1. Let m be y(3). Let v be r(m). Is t(v) a composite number?
True
Let v(g) = -g + 4. Let w be v(2). Suppose c - 4*n + 2*n - 43 = 0, -5*n = -w*c + 81. Is c composite?
False
Let n(q) = -q - 1. Let y be n(-5). Suppose 15 = f + y*f. Suppose -f*j + 6*j = 231. Is j a prime number?
False
Let h be 93 + -2 + 2 + 0. Suppose h = -5*t + 8*t. Is t composite?
False
Suppose -2*i + 1440 = 3*i. Suppose -5*f + 307 = -i. Is f prime?
False
Let o(q) = -q**3 + 4*q**2 + 2*q - 5. Is o(-4) composite?
True
Let h(f) = -f. Let l(j) = -4*j - 33. Let v(i) = 3*h(i) - l(i). Is v(0) a composite number?
True
Let r(f) = 16*f - 2. Let l be 4 + -3 + 9/3. Is r(l) a composite number?
True
Suppose k = -k + 10. Suppose -k*v - 3*s + 1727 = 195, v - 4*s = 311. Is v composite?
False
Suppose 0 = -2*w - 5 + 13. Let d(g) = -g + 11 + w*g**3 + 0*g**3 - 5*g**3. Is d(0) composite?
False
Let i(j) = -j**3 + 4*j**2 + 5*j - 5. Suppose -4*p - p = 3*g - 35, -p + 19 = 3*g. Let u be p + (-1)/(-1) - 1. Is i(u) a composite number?
True
Let u = -1 + 4. Suppose 10 = u*y + j, -j + 3*j + 1 = y. Is (-1)/2*(y - 45) a prime number?
False
Suppose 2*s - 3376 - 502 = 0. Is s prime?
False
Let m(q) = q**3 - 8*q**2 + q - 6. Let f be m(8). Suppose -s - f*s = -69. Is s prime?
True
Let l = 12 + -10. Is (l/2)/((-7)/(-329)) a prime number?
True
Let i = -24 + 27. Suppose -i*u + 5*u = 2*a + 66, -126 = -4*u + a. Is u a prime number?
True
Suppose 2*s = 7*s - 570. Let h = 167 - s. Is h a prime number?
True
Let n(p) be the first derivative of 27/2*p**2 + 1 + 5*p. Is n(4) prime?
True
Suppose 22*o = 20*o + 222. Is o prime?
False
Let v = 319 + -174. Is v a composite number?
True
Suppose 14 - 2 = -3*p. Is p*(57/(-4) + 2) prime?
False
Let s = 6 + -4. Suppose -4*n = n - 5*z - 420, 0 = -s*z - 10. Is n a prime number?
True
Let d = -326 - -550. Suppose 4*t - 192 - d = 0. Let c = t - 49. Is c a prime number?
False
Let t(u) = -u**2 - 18*u - 30. Let f be t(-16). Let x(r) = r - 6. Let s be x(6). Suppose h - 1 = s, f*h + 287 = 2*k - h. Is k composite?
True
Suppose -p + 3*p = 3*j - 397, -2*p + 2 = 0. Is j prime?
False
Let l(g) = -g**3 - 7*g**2 + 6. Suppose -2*y + 5*f = -2 + 13, -4*y - 3*f = -17. Let k be y*(-1)/2 - 6. Is l(k) a composite number?
True
Let u(h) = -15*h - 7. Let k be u(-5). Let l = k - 13. Is l composite?
True
Let b = 10 - 7. Let u = 86 + b. Is u composite?